{"id":796,"date":"2021-05-17T14:14:13","date_gmt":"2021-05-17T12:14:13","guid":{"rendered":"https:\/\/www.chinaimbisstrier.de\/?page_id=796"},"modified":"2024-01-28T01:47:14","modified_gmt":"2024-01-28T00:47:14","slug":"vorspeisen","status":"publish","type":"page","link":"https:\/\/www.chopsticks-trier.de\/index.php\/vorspeisen\/","title":{"rendered":"Vorspeisen"},"content":{"rendered":"\n<p class=\"has-text-align-center has-black-color has-text-color\"><strong>6. Mini-Fr\u00fchlingsrollen<\/strong><br>5 Stk. \u2022 vegetarisch<br><strong>3,00 \u20ac<\/strong><\/p>\n\n\n\n<p class=\"has-text-align-center has-black-color has-text-color\"><strong>7. Vegetarische Fr\u00fchlingsrolle<\/strong><br>mit Gem\u00fcse<br>4<strong>,10 \u20ac<\/strong><\/p>\n\n\n\n<p class=\"has-text-align-center has-black-color has-text-color\"><strong>8. Fr\u00fchlingsrolle (Loempia)<\/strong><br>mit Hackfleisch &amp; Gem\u00fcse<br>4<strong>,10 \u20ac<\/strong><\/p>\n\n\n\n<p class=\"has-text-align-center has-black-color has-text-color\"><strong>9. Fr\u00fchlingsr\u00f6llchen<\/strong><br>2 Stk. \u2022 mit H\u00fchnerfleisch &amp; Gem\u00fcse<br><strong>4,50 \u20ac<\/strong><\/p>\n\n\n\n<p class=\"has-text-align-center has-black-color has-text-color\"><strong>10. Wantan<\/strong><br>5 Stk. \u2022 gebackene Schweinefleisch-Maultasche<br><strong>4,50 \u20ac<\/strong><\/p>\n\n\n\n<p class=\"has-text-align-center has-black-color has-text-color\"><strong>11. Krabbenchips (Kroepoek)<br>2,90 \u20ac<\/strong><\/p>\n\n\n\n<p class=\"has-text-align-center has-black-color has-text-color\"><strong>K4. Chicken Wings<\/strong><br>5 Stk. \u2022 mit S\u00fc\u00df-Sauer-So\u00dfe oder Erdnuss-So\u00dfe<br><strong>5,00 \u20ac<\/strong><\/p>\n\n\n\n<p class=\"has-text-align-center has-black-color has-text-color\"><strong>K9. Tintenfischring<\/strong><br>mit S\u00fc\u00df-Sauer-So\u00dfe oder Erdnuss-So\u00dfe<br><strong>5,00 \u20ac<\/strong><\/p>\n\n\n\n<p class=\"has-text-align-center has-black-color has-text-color\"><strong>53. Edamame<br>5,00 \u20ac<\/strong><\/p>\n\n\n\n<p class=\"has-text-align-center has-black-color has-text-color\"><strong>56. Dumplings mit H\u00fchnerfleisch<\/strong><br>mit s\u00fc\u00dfer Chili-So\u00dfe<br><strong>7,00 \u20ac<\/strong><\/p>\n\n\n\n<p class=\"has-text-align-center has-black-color has-text-color\"><strong>59. Torpedo<\/strong><br>panierte Garnelen mit s\u00fc\u00dfer Chili-So\u00dfe<br><strong>7,00 \u20ac<\/strong><\/p>\n\n\n\n<p class=\"has-text-align-center has-black-color has-text-color\"><strong>63. Sat\u00e9 vom Huhn in Erdnuss-So\u00dfe<br>7,00 \u20ac<\/strong><\/p>\n","protected":false},"excerpt":{"rendered":"<p>6. Mini-Fr\u00fchlingsrollen5 Stk. \u2022 vegetarisch3,00 \u20ac 7. Vegetarische Fr\u00fchlingsrollemit Gem\u00fcse4,10 \u20ac 8. Fr\u00fchlingsrolle (Loempia)mit Hackfleisch &amp; Gem\u00fcse4,10 \u20ac 9. Fr\u00fchlingsr\u00f6llchen2 Stk. \u2022 mit H\u00fchnerfleisch &amp; [&#8230;]<\/p>\n","protected":false},"author":1,"featured_media":0,"parent":0,"menu_order":0,"comment_status":"closed","ping_status":"closed","template":"","meta":[],"_links":{"self":[{"href":"https:\/\/www.chopsticks-trier.de\/index.php\/wp-json\/wp\/v2\/pages\/796"}],"collection":[{"href":"https:\/\/www.chopsticks-trier.de\/index.php\/wp-json\/wp\/v2\/pages"}],"about":[{"href":"https:\/\/www.chopsticks-trier.de\/index.php\/wp-json\/wp\/v2\/types\/page"}],"author":[{"embeddable":true,"href":"https:\/\/www.chopsticks-trier.de\/index.php\/wp-json\/wp\/v2\/users\/1"}],"replies":[{"embeddable":true,"href":"https:\/\/www.chopsticks-trier.de\/index.php\/wp-json\/wp\/v2\/comments?post=796"}],"version-history":[{"count":50,"href":"https:\/\/www.chopsticks-trier.de\/index.php\/wp-json\/wp\/v2\/pages\/796\/revisions"}],"predecessor-version":[{"id":2397,"href":"https:\/\/www.chopsticks-trier.de\/index.php\/wp-json\/wp\/v2\/pages\/796\/revisions\/2397"}],"wp:attachment":[{"href":"https:\/\/www.chopsticks-trier.de\/index.php\/wp-json\/wp\/v2\/media?parent=796"}],"curies":[{"name":"wp","href":"https:\/\/api.w.org\/{rel}","templated":true}]}}